f 1209909992?
0
What is the hundred thousands digit of 700056421?
0
What is the thousands digit of 83407983?
7
What is the millions digit of 88098853?
8
What is the hundred millions digit of 633004543?
6
What is the hundred thousands digit of 45243959?
2
What is the thousands digit of 6278619675?
9
What is the hundred thousands digit of 110818095?
8
What is the ten thousands digit of 51032004?
3
What is the hundred thousands digit of 666596?
6
What is the ten millions digit of 267498816?
6
What is the hundred millions digit of 1798837591?
7
What is the hundred thousands digit of 23712499?
7
What is the thousands digit of 2015176132?
6
What is the tens digit of 92597117?
1
What is the tens digit of 357532913?
1
What is the hundred thousands digit of 4299956697?
9
What is the millions digit of 152816162?
2
What is the thousands digit of 106886838?
6
What is the hundred millions digit of 968293399?
9
What is the hundreds digit of 33090916?
9
What is the ten thousands digit of 32773278?
7
What is the units digit of 796040625?
5
What is the ten millions digit of 1155786823?
5
What is the tens digit of 1107290150?
5
What is the thousands digit of 2658962?
8
What is the hundred thousands digit of 80719003?
7
What is the millions digit of 49591067?
9
What is the millions digit of 201953988?
1
What is the ten thousands digit of 19238200?
3
What is the ten millions digit of 758550086?
5
What is the hundred thousands digit of 239779951?
7
What is the thousands digit of 41156749?
6
What is the ten thousands digit of 1796233082?
3
What is the tens digit of 6280791942?
4
What is the hundred thousands digit of 704339956?
3
What is the hundreds digit of 80625526?
5
What is the tens digit of 701479559?
5
What is the ten thousands digit of 902211891?
1
What is the billions digit of 1228129523?
1
What is the tens digit of 30945422?
2
What is the tens digit of 49406467?
6
What is the hundred thousands digit of 1988104724?
1
What is the ten thousands digit of 107552582?
5
What is the millions digit of 82975282?
2
What is the units digit of 15080036?
6
What is the millions digit of 51632625?
1
What is the hundreds digit of 35068316?
3
What is the ten thousands digit of 88885741?
8
What is the hundred millions digit of 526481883?
5
What is the units digit of 80920397?
7
What is the units digit of 331224417?
7
What is the ten millions digit of 1022913131?
2
What is the tens digit of 8055650111?
1
What is the ten thousands digit of 169045202?
4
What is the tens digit of 11330258?
5
What is the millions digit of 12087398?
2
What is the millions digit of 3527356868?
7
What is the thousands digit of 528157853?
7
What is the hundred millions digit of 175814283?
1
What is the tens digit of 51350465?
6
What is the billions digit of 1812274734?
1
What is the hundreds digit of 1465631175?
1
What is the units digit of 679294313?
3
What is the units digit of 10989740?
0
What is the units digit of 16989314?
4
What is the hundred thousands digit of 366347257?
3
What is the ten millions digit of 42292979?
4
What is the billions digit of 3393150951?
3
What is the thousands digit of 254939154?
9
What is the millions digit of 88873969?
8
What is the hundred millions digit of 334762505?
3
What is the hundred thousands digit of 95583017?
5
What is the millions digit of 104888909?
4
What is the thousands digit of 112092001?
2
What is the units digit of 289161813?
3
What is the millions digit of 147274593?
7
What is the thousands digit of 39585763?
5
What is the thousands digit of 6582621911?
1
What is the tens digit of 1577350700?
0
What is the units digit of 62617061?
1
What is the hundreds digit of 982490212?
2
What is the thousands digit of 27281737?
1
What is the ten thousands digit of 296199162?
9
What is the ten millions digit of 495546329?
9
What is the units digit of 40387750?
0
What is the hundred millions digit of 319024404?
3
What is the hundreds digit of 4568092?
0
What is the tens digit of 1053411056?
5
What is the thousands digit of 636397258?
7
What is the hundreds digit of 3179979850?
8
What is the tens digit of 247186422?
2
What is the tens digit of 2102809802?
0
What is the thousands digit of 32300875?
0
What is the millions digit of 7470420078?
0
What is the hundred millions digit of 349954827?
3
What is the hundred thousands digit of 695205043?
2
What is the tens digit of 59172218?
1
What is the tens digit of 229381637?
3
What is the millions digit of 260804929?
0
What is the hundred thousands digit of 7966332896?
3
What is the ten millions digit of 141621547?
4
What is the millions digit of 76232181?
6
What is the millions digit of 465886359?
5
What is the units digit of 500183242?
2
What is the millions digit of 5171736?
5
What is the ten millions digit of 140845158?
4
What is the hundred millions digit of 2806335389?
8
What is the hundreds digit of 38165728?
7
What is the ten millions digit of 362055383?
6
What is the ten millions digit of 54473871?
5
What is the ten millions digit of 97904614?
9
What is the ten millions digit of 510743567?
1
What is the hundred thousands digit of 232628302?
6
What is the billions digit of 1195054778?
1
What is the ten millions digit of 1780086238?
8
What is the tens digit of 1294236311?
1
What is the millions digit of 1481847550?
1
What is the ten thousands digit of 1050134755?
3
What is the tens digit of 47353373?
7
What is the hundred millions digit of 2172858407?
1
What is the ten millions digit of 24004338?
2
What is the hundred millions digit of 117661903?
1
What is the thousands digit of 541910353?
0
What is the hundreds digit of 392890927?
9
What is the units digit of 74034842?
2
What is the ten millions digit of 2176910832?
7
What is the billions digit of 2258092932?
2
What is the ten millions digit of 262213370?
6
What is the thousands digit of 7081078?
1
What is the thousands digit of 5673929391?
9
What is the ten millions digit of 575113779?
7
What is the tens digit of 44722063?
6
What is the hundred thousands digit of 4224838283?
8
What is the hundred thousands digit of 37667957?
6
What is the tens digit of 4862585972?
7
What is the hundred millions digit of 197210970?
1
What is the thousands digit of 2081959549?
9
What is the thousands digit of 2754641524?
1
What is the ten thousands digit of 2710475263?
7
What is the thousands digit of 49377770?
7
What is the tens digit of 26436469?
6
What is the tens digit of 286414092?
9
What is the ten thousands digit of 917422955?
2
What is the hundred thousands digit of 1592132732?
1
What is the ten millions digit of 3957714359?
5
What is the hundred thousands digit of 177423347?
4
What is the units digit of 1194237044?
4
What is the hundred millions digit of 212607269?
2
What is the hundred millions digit of 258577140?
2
What is the ten thousands digit of 7016713555?
1
What is the millions digit of 202964881?
2
What is the billions digit of 1992931716?
1
What is the ten millions digit of 813783315?
1
What is the tens digit of 4039217112?
1
What is the ten thousands digit of 334596767?
9
What is the hundreds digit of 504331908?
9
What is the millions digit of 75569018?
5
What is the hundred thousands digit of 2422426018?
4
What is the ten millions digit of 11770840?
1
What is the tens digit of 23230344?
4
What is the hundred millions digit of 4431162545?
4
What is the hundred millions digit of 1116312453?
1
What is the hundreds digit of 5888408?
4
What is the tens digit of 101707348?
4
What is the ten thousands digit of 1439841952?
4
What is the millions digit of 828602224?
8
What is the hundred millions digit of 147546274?
1
What is the tens digit of 2962800?
0
What is the billions digit of 3293463751?
3
What is the units digit of 152494302?
2
What is the hundred thousands digit of 493359963?
3
What is the tens digit of 6131916885?
8
What is the hundred millions digit of 880565771?
8
What is the hundred thousands digit of 1119415?
1
What is the tens digit of 918847446?
4
What is the hundred thousands digit of 5387578?
3
What is the millions digit of 24596868?
4
What is the tens digit of 116300067?
6
What is the hundred millions digit of 209695695?
2
What is the ten millions digit of 224558312?
2
What is the units digit of 6468371886?
6
What is the hundred millions digit o